6?
5
Calculate the remainder when 5300 is divided by 1035.
125
What is the remainder when 7866 is divided by 135?
36
Calculate the remainder when 4383 is divided by 297.
225
What is the remainder when 39682 is divided by 1417?
6
What is the remainder when 228463 is divided by 12692?
7
What is the remainder when 356698 is divided by 410?
408
Calculate the remainder when 2077 is divided by 413.
12
What is the remainder when 1939379 is divided by 82?
79
What is the remainder when 51425 is divided by 1977?
23
What is the remainder when 1739 is divided by 205?
99
Calculate the remainder when 332037 is divided by 120.
117
Calculate the remainder when 956 is divided by 320.
316
What is the remainder when 79024 is divided by 13?
10
What is the remainder when 158815 is divided by 3781?
13
What is the remainder when 7638938 is divided by 1661?
1660
What is the remainder when 63046 is divided by 54?
28
Calculate the remainder when 18434 is divided by 10.
4
What is the remainder when 6083 is divided by 283?
140
Calculate the remainder when 38218 is divided by 19101.
16
What is the remainder when 30503 is divided by 526?
521
What is the remainder when 1486 is divided by 31?
29
What is the remainder when 7644 is divided by 2541?
21
Calculate the remainder when 40567 is divided by 294.
289
What is the remainder when 4244024 is divided by 29?
19
What is the remainder when 15847 is divided by 131?
127
Calculate the remainder when 29810 is divided by 43.
11
What is the remainder when 3709871 is divided by 8?
7
What is the remainder when 69775 is divided by 251?
248
Calculate the remainder when 49152 is divided by 199.
198
What is the remainder when 83014 is divided by 103?
99
What is the remainder when 31028 is divided by 26?
10
Calculate the remainder when 1629 is divided by 150.
129
Calculate the remainder when 9636 is divided by 124.
88
What is the remainder when 5523 is divided by 190?
13
What is the remainder when 96 is divided by 18?
6
What is the remainder when 77260 is divided by 397?
242
What is the remainder when 4694 is divided by 780?
14
What is the remainder when 3731 is divided by 8?
3
What is the remainder when 119636 is divided by 567?
566
What is the remainder when 46049 is divided by 301?
297
Calculate the remainder when 1501 is divided by 55.
16
What is the remainder when 849 is divided by 291?
267
What is the remainder when 725 is divided by 639?
86
Calculate the remainder when 3750 is divided by 71.
58
Calculate the remainder when 4166 is divided by 4156.
10
Calculate the remainder when 16532 is divided by 44.
32
What is the remainder when 16143 is divided by 207?
204
What is the remainder when 118180 is divided by 585?
10
Calculate the remainder when 5042 is divided by 763.
464
Calculate the remainder when 10843 is divided by 72.
43
Calculate the remainder when 46948 is divided by 394.
62
What is the remainder when 1209425 is divided by 19?
18
What is the remainder when 15047 is divided by 61?
41
What is the remainder when 15751 is divided by 197?
188
What is the remainder when 88589 is divided by 836?
809
Calculate the remainder when 255221 is divided by 377.
369
Calculate the remainder when 53697 is divided by 263.
45
What is the remainder when 2791 is divided by 574?
495
What is the remainder when 52331 is divided by 213?
146
What is the remainder when 3148856 is divided by 181?
180
Calculate the remainder when 18178 is divided by 38.
14
Calculate the remainder when 75518 is divided by 539.
58
Calculate the remainder when 14227 is divided by 4712.
91
What is the remainder when 1233 is divided by 23?
14
Calculate the remainder when 1092046 is divided by 12270.
16
Calculate the remainder when 101164 is divided by 6.
4
What is the remainder when 15954 is divided by 312?
42
What is the remainder when 1496 is divided by 14?
12
What is the remainder when 101820 is divided by 16?
12
What is the remainder when 16368 is divided by 16246?
122
What is the remainder when 10803 is divided by 146?
145
What is the remainder when 23164 is divided by 31?
7
Calculate the remainder when 192 is divided by 57.
21
What is the remainder when 77696 is divided by 18?
8
Calculate the remainder when 240219 is divided by 2793.
21
What is the remainder when 21526 is divided by 19?
18
Calculate the remainder when 4933 is divided by 986.
3
Calculate the remainder when 387054 is divided by 322.
10
What is the remainder when 3032 is divided by 454?
308
What is the remainder when 2309 is divided by 21?
20
What is the remainder when 3104 is divided by 124?
4
Calculate the remainder when 81169 is divided by 4056.
49
What is the remainder when 994233 is divided by 844?
1
What is the remainder when 16638 is divided by 53?
49
What is the remainder when 124978 is divided by 20?
18
What is the remainder when 37744 is divided by 675?
619
What is the remainder when 38962 is divided by 1558?
12
Calculate the remainder when 3970 is divided by 166.
152
What is the remainder when 12876 is divided by 274?
272
Calculate the remainder when 416232 is divided by 1153.
1152
What is the remainder when 314356 is divided by 12?
4
What is the remainder when 7589 is divided by 287?
127
What is the remainder when 139247 is divided by 157?
145
What is the remainder when 1053817 is divided by 231?
226
Calculate the remainder when 4819 is divided by 132.
67
What is the remainder when 89 is divided by 25?
14
What is the remainder when 18829 is divided by 68?
61
What is the remainder when 39177 is divided by 2448?
9
Calculate the remainder when 80714 is divided by 117.
101
What is the remainder when 47822 is divided by 15939?
5
Calculate the remainder when 1762 is divided by 30.
22
Calculate the remainder when 49223 is divided by 163.
160
Calculate the remainder when 41890 is divided by 40.
10
What is the remainder when 40248 is divided by 125?
123
Calculate the remainder when 3841 is divided by 135.
61
Calculate the remainder when 48884 is divided by 907.
813
What is the remainder when 1580 is divided by 185?
100
Calculate the remainder when 6110 is divided by 204.
194
What is the remainder when 3095 is divided by 1508?
79
Calculate the remainder when 8631 is divided by 166.
165
Calculate the remainder when 9546 is divided by 1058.
24
What is the remainder when 88724 is divided by 561?
86
Calculate the remainder when 5791 is divided by 1440.
31
What is the remainder when 35751 is divided by 851?
9
Calculate the remainder when 1772346 is divided by 60.
6
Calculate the remainder when 90967 is divided by 6064.
7
Calculate the remainder when 2623 is divided by 187.
5
Calculate the remainder when 148684 is divided by 41.
18
What is the remainder when 1064950 is divided by 56?
54
What is the remainder when 205827 is divided by 92?
23
Calculate the remainder when 23564 is divided by 15.
14
What is the remainder when 362 is divided by 9?
2
Calculate the remainder when 53316 is divided by 796.
780
What is the remainder when 32871 is divided by 2334?
195
What is the remainder when 81573 is divided by 309?
306
Calculate the remainder when 2166 is divided by 709.
39
What is the remainder when 89361 is divided by 91?
90
What is the remainder when 5053 is divided by 337?
335
What is the remainder when 6130 is divided by 304?
50
Calculate the remainder when 221 is divided by 209.
12
What is the remainder when 1301 is divided by 52?
1
Calculate the remainder when 489567 is divided by 15.
12
Calculate the remainder when 69899 is divided by 24.
11
Calculate the remainder when 2684 is divided by 889.
17
Calculate the remainder when 1611 is divided by 108.
99
Calculate the remainder when 15711 is divided by 265.
76
Calculate the remainder when 1725984 is divided by 44.
40
What is the remainder when 86061 is divided by 44?
41
Calculate the remainder when 91057 is divided by 190.
47
What is the remainder when 42741 is divided by 312?
309
Calculate the remainder when 14737 is divided by 369.
346
Calculate the remainder when 11804 is divided by 29.
1
Calculate the remainder when 2818 is divided by 13.
10
What is the remainder when 19115 is divided by 255?
245
Calculate the remainder when 4597 is divided by 15.
7
What is the remainder when 46408 is divided by 442?
440
Calculate the remainder when 30629 is divided by 3